{"id":74,"date":"2012-04-06T16:34:54","date_gmt":"2012-04-06T13:34:54","guid":{"rendered":"http:\/\/www.penman.fi\/www\/?page_id=74"},"modified":"2012-05-01T14:55:34","modified_gmt":"2012-05-01T11:55:34","slug":"asumisen-turvallisuus","status":"publish","type":"page","link":"https:\/\/www.penman.fi\/www\/?page_id=74","title":{"rendered":"Asumisen turvallisuus"},"content":{"rendered":"<h1>Asumisen turvallisuus<\/h1>\n<p>&nbsp;<\/p>\n<p><strong>Taloyhti\u00f6n<\/strong> osakkaiden ja asukkaiden turvallisuuteen liittyy paljon muutakin kuin pelk\u00e4n liukkauden torjuminen. Yleinen turvallisuus on valaistusta, valvontaa, toimivaa tekniikkaa ja asioista huolehtimista.<\/p>\n<p>Valitettavasti murrot ja ilkivalta ovat jatkuvasti kasvussa. T\u00e4m\u00e4n vuoksi asukkaiden on t\u00e4rke\u00e4\u00e4 seurata mit\u00e4 talossa tapahtuu. Mik\u00e4li asukas havaitsee normaalista poikkeavaa toimintaa, h\u00e4nen on hyv\u00e4 pyrki\u00e4 selvitt\u00e4m\u00e4\u00e4n h\u00e4iri\u00f6n aiheuttaja, jos se onnistuu omaa turvallisuutta vaarantamatta.<\/p>\n<p>&nbsp;<\/p>\n<h4>Palovaroittimet<\/h4>\n<p><img decoding=\"async\" loading=\"lazy\" class=\"size-full wp-image-211 alignleft\" title=\"palovaroitin\" src=\"http:\/\/www.penman.fi\/www\/wp-content\/uploads\/2012\/04\/palovaroitin1.jpg\" alt=\"\" width=\"200\" height=\"167\" \/><\/p>\n<p>&nbsp;<\/p>\n<p><strong>Merkitt\u00e4vin<\/strong> turvallisuustekij\u00e4 on palovaroitin. Asunnossa on oltava palovaroitin, joka toimii. <a href=\"http:\/\/www.spek.fi\/Suomeksi\/Paloturvallisuus\/Jokakodin_paloturvallisuus\/Palovaroitin\/Sijoita_palovaroitin_oikein.iw3\" target=\"_blank\">Sijoita<\/a> palovaroitin viisaasti ja noudata palovaroittimen pakkauksessa olevia k\u00e4ytt\u00f6-, asennus- ja huolto-ohjeita. Tarkista s\u00e4\u00e4nn\u00f6llisesti palovaroittimesi toiminta ja vaihda paristo ajoissa.<\/p>\n<p>Lis\u00e4\u00e4 tietoa kodin paloturvallisuudesta saat <a href=\"http:\/\/www.spek.fi\/Suomeksi\/Paloturvallisuus\/Jokakodin_paloturvallisuus.iw3\" target=\"_blank\">t\u00e4st\u00e4<\/a>.<\/p>\n<p>&nbsp;<\/p>\n<p>&nbsp;<\/p>\n<h4><span style=\"color: #993300;\">Tutustu taloyhti\u00f6si pelastussuunnitelmaan!<\/span><\/h4>\n<p>&nbsp;<\/p>\n","protected":false},"excerpt":{"rendered":"<p>Asumisen turvallisuus &nbsp; Taloyhti\u00f6n osakkaiden ja asukkaiden turvallisuuteen liittyy paljon muutakin kuin pelk\u00e4n liukkauden torjuminen. Yleinen turvallisuus on valaistusta, valvontaa, toimivaa tekniikkaa ja asioista huolehtimista. Valitettavasti murrot ja ilkivalta ovat jatkuvasti kasvussa. T\u00e4m\u00e4n vuoksi asukkaiden on t\u00e4rke\u00e4\u00e4 seurata mit\u00e4 talossa tapahtuu. Mik\u00e4li asukas havaitsee normaalista poikkeavaa toimintaa, h\u00e4nen on hyv\u00e4 pyrki\u00e4 selvitt\u00e4m\u00e4\u00e4n h\u00e4iri\u00f6n aiheuttaja, jos [&hellip;]<\/p>\n","protected":false},"author":1,"featured_media":0,"parent":61,"menu_order":50,"comment_status":"closed","ping_status":"closed","template":"","meta":{"_monsterinsights_skip_tracking":false,"_monsterinsights_sitenote_active":false,"_monsterinsights_sitenote_note":"","_monsterinsights_sitenote_category":0},"_links":{"self":[{"href":"https:\/\/www.penman.fi\/www\/index.php?rest_route=\/wp\/v2\/pages\/74"}],"collection":[{"href":"https:\/\/www.penman.fi\/www\/index.php?rest_route=\/wp\/v2\/pages"}],"about":[{"href":"https:\/\/www.penman.fi\/www\/index.php?rest_route=\/wp\/v2\/types\/page"}],"author":[{"embeddable":true,"href":"https:\/\/www.penman.fi\/www\/index.php?rest_route=\/wp\/v2\/users\/1"}],"replies":[{"embeddable":true,"href":"https:\/\/www.penman.fi\/www\/index.php?rest_route=%2Fwp%2Fv2%2Fcomments&post=74"}],"version-history":[{"count":19,"href":"https:\/\/www.penman.fi\/www\/index.php?rest_route=\/wp\/v2\/pages\/74\/revisions"}],"predecessor-version":[{"id":113,"href":"https:\/\/www.penman.fi\/www\/index.php?rest_route=\/wp\/v2\/pages\/74\/revisions\/113"}],"up":[{"embeddable":true,"href":"https:\/\/www.penman.fi\/www\/index.php?rest_route=\/wp\/v2\/pages\/61"}],"wp:attachment":[{"href":"https:\/\/www.penman.fi\/www\/index.php?rest_route=%2Fwp%2Fv2%2Fmedia&parent=74"}],"curies":[{"name":"wp","href":"https:\/\/api.w.org\/{rel}","templated":true}]}}