{"id":7,"date":"2012-03-19T22:45:05","date_gmt":"2012-03-19T20:45:05","guid":{"rendered":"http:\/\/www.penman.fi\/www\/?page_id=7"},"modified":"2012-05-01T13:37:52","modified_gmt":"2012-05-01T10:37:52","slug":"asiakirjat","status":"publish","type":"page","link":"https:\/\/www.penman.fi\/www\/?page_id=7","title":{"rendered":"Lomakkeet"},"content":{"rendered":"<h1>S\u00e4hk\u00f6iset lomakkeet<\/h1>\n<p><a href=\"http:\/\/www.penman.fi\/www\/wp-content\/uploads\/2012\/03\/lomakkeet.jpg\"><img decoding=\"async\" loading=\"lazy\" class=\"alignleft size-full wp-image-196\" title=\"lomakkeet\" src=\"http:\/\/www.penman.fi\/www\/wp-content\/uploads\/2012\/03\/lomakkeet.jpg\" alt=\"\" width=\"400\" height=\"250\" srcset=\"https:\/\/www.penman.fi\/www\/wp-content\/uploads\/2012\/03\/lomakkeet.jpg 400w, https:\/\/www.penman.fi\/www\/wp-content\/uploads\/2012\/03\/lomakkeet-300x187.jpg 300w\" sizes=\"(max-width: 400px) 100vw, 400px\" \/><\/a><\/p>\n<p>&nbsp;<\/p>\n<p>&nbsp;<\/p>\n<p>&nbsp;<\/p>\n<p>&nbsp;<\/p>\n<p>&nbsp;<\/p>\n<p>&nbsp;<\/p>\n<p>&nbsp;<\/p>\n<p>&nbsp;<\/p>\n<p>&nbsp;<\/p>\n<p>&nbsp;<\/p>\n<p><strong>Tuntuuko<\/strong> sinusta, ett\u00e4 hukut miljooniin lippusiin ja lappusiin? Vasemmalta palkista l\u00f6yd\u00e4t erilaisia hy\u00f6dyllisi\u00e4 lomakkeita k\u00e4tev\u00e4sti s\u00e4hk\u00f6isess\u00e4 muodossa. Voit ilmoittaa niill\u00e4 esim. vesimittarilukemasi k\u00e4tev\u00e4sti suoraan webiss\u00e4.<\/p>\n<p>Remontti-ilmoitus on pdf-muotoinen. Se voidaan t\u00e4ytt\u00e4\u00e4 tietokoneella, mutta se tulee palauttaa toimistoomme allekirjoitettuna paperiversiona.<\/p>\n","protected":false},"excerpt":{"rendered":"<p>S\u00e4hk\u00f6iset lomakkeet &nbsp; &nbsp; &nbsp; &nbsp; &nbsp; &nbsp; &nbsp; &nbsp; &nbsp; &nbsp; Tuntuuko sinusta, ett\u00e4 hukut miljooniin lippusiin ja lappusiin? Vasemmalta palkista l\u00f6yd\u00e4t erilaisia hy\u00f6dyllisi\u00e4 lomakkeita k\u00e4tev\u00e4sti s\u00e4hk\u00f6isess\u00e4 muodossa. Voit ilmoittaa niill\u00e4 esim. vesimittarilukemasi k\u00e4tev\u00e4sti suoraan webiss\u00e4. Remontti-ilmoitus on pdf-muotoinen. Se voidaan t\u00e4ytt\u00e4\u00e4 tietokoneella, mutta se tulee palauttaa toimistoomme allekirjoitettuna paperiversiona.<\/p>\n","protected":false},"author":1,"featured_media":0,"parent":0,"menu_order":20,"comment_status":"closed","ping_status":"closed","template":"","meta":{"_monsterinsights_skip_tracking":false,"_monsterinsights_sitenote_active":false,"_monsterinsights_sitenote_note":"","_monsterinsights_sitenote_category":0},"_links":{"self":[{"href":"https:\/\/www.penman.fi\/www\/index.php?rest_route=\/wp\/v2\/pages\/7"}],"collection":[{"href":"https:\/\/www.penman.fi\/www\/index.php?rest_route=\/wp\/v2\/pages"}],"about":[{"href":"https:\/\/www.penman.fi\/www\/index.php?rest_route=\/wp\/v2\/types\/page"}],"author":[{"embeddable":true,"href":"https:\/\/www.penman.fi\/www\/index.php?rest_route=\/wp\/v2\/users\/1"}],"replies":[{"embeddable":true,"href":"https:\/\/www.penman.fi\/www\/index.php?rest_route=%2Fwp%2Fv2%2Fcomments&post=7"}],"version-history":[{"count":13,"href":"https:\/\/www.penman.fi\/www\/index.php?rest_route=\/wp\/v2\/pages\/7\/revisions"}],"predecessor-version":[{"id":284,"href":"https:\/\/www.penman.fi\/www\/index.php?rest_route=\/wp\/v2\/pages\/7\/revisions\/284"}],"wp:attachment":[{"href":"https:\/\/www.penman.fi\/www\/index.php?rest_route=%2Fwp%2Fv2%2Fmedia&parent=7"}],"curies":[{"name":"wp","href":"https:\/\/api.w.org\/{rel}","templated":true}]}}