{"id":67,"date":"2012-04-06T16:29:17","date_gmt":"2012-04-06T13:29:17","guid":{"rendered":"http:\/\/www.penman.fi\/www\/?page_id=67"},"modified":"2012-04-22T12:44:38","modified_gmt":"2012-04-22T09:44:38","slug":"taloyhtion-hallitus","status":"publish","type":"page","link":"https:\/\/www.penman.fi\/www\/?page_id=67","title":{"rendered":"Taloyhti\u00f6n hallitus"},"content":{"rendered":"<h1>Taloyhti\u00f6n hallitus<\/h1>\n<p>&nbsp;<\/p>\n<h4><strong>Hallituksen yleiset ja erityiset teht\u00e4v\u00e4t<\/strong><\/h4>\n<ul>\n<li>Yhti\u00f6kokoukselle annetusta yleistoimivallasta huolimatta hallitukselle kuuluu k\u00e4yt\u00e4nn\u00f6ss\u00e4 vastuu yhti\u00f6n normaalista hallinnosta.<\/li>\n<li>Hoitaessaan yhti\u00f6n hallintoa yhdess\u00e4 is\u00e4nn\u00f6itsij\u00e4n kanssa hallituksen tulee ottaa huomioon yhti\u00f6kokouksen p\u00e4\u00e4t\u00f6kset ja yleens\u00e4kin asunto-osakeyhti\u00f6n toiminnan laatu ja laajuus.<\/li>\n<li>Hallitukselle kuuluvien teht\u00e4vien valmistelu on p\u00e4\u00e4s\u00e4\u00e4nt\u00f6isesti is\u00e4nn\u00f6itsij\u00e4n teht\u00e4v\u00e4n\u00e4.<\/li>\n<li>Koska hallitus on vastuussa yhti\u00f6n hallinnon hoitamisesta, sen keskeisen\u00e4 teht\u00e4v\u00e4n\u00e4 on valvoa is\u00e4nn\u00f6itsij\u00e4\u00e4 ja vaadittava teht\u00e4vien asianmukaista suorittamista.<\/li>\n<li>Hallituksen kannalta olennaisen t\u00e4rke\u00e4 teht\u00e4v\u00e4 on ammattitaitoisen is\u00e4nn\u00f6itsij\u00e4n valitseminen yhti\u00f6lle.<\/li>\n<\/ul>\n<p>&nbsp;<\/p>\n","protected":false},"excerpt":{"rendered":"<p>Taloyhti\u00f6n hallitus &nbsp; Hallituksen yleiset ja erityiset teht\u00e4v\u00e4t Yhti\u00f6kokoukselle annetusta yleistoimivallasta huolimatta hallitukselle kuuluu k\u00e4yt\u00e4nn\u00f6ss\u00e4 vastuu yhti\u00f6n normaalista hallinnosta. Hoitaessaan yhti\u00f6n hallintoa yhdess\u00e4 is\u00e4nn\u00f6itsij\u00e4n kanssa hallituksen tulee ottaa huomioon yhti\u00f6kokouksen p\u00e4\u00e4t\u00f6kset ja yleens\u00e4kin asunto-osakeyhti\u00f6n toiminnan laatu ja laajuus. Hallitukselle kuuluvien teht\u00e4vien valmistelu on p\u00e4\u00e4s\u00e4\u00e4nt\u00f6isesti is\u00e4nn\u00f6itsij\u00e4n teht\u00e4v\u00e4n\u00e4. Koska hallitus on vastuussa yhti\u00f6n hallinnon hoitamisesta, sen keskeisen\u00e4 [&hellip;]<\/p>\n","protected":false},"author":1,"featured_media":0,"parent":63,"menu_order":20,"comment_status":"closed","ping_status":"closed","template":"","meta":{"_monsterinsights_skip_tracking":false,"_monsterinsights_sitenote_active":false,"_monsterinsights_sitenote_note":"","_monsterinsights_sitenote_category":0},"_links":{"self":[{"href":"https:\/\/www.penman.fi\/www\/index.php?rest_route=\/wp\/v2\/pages\/67"}],"collection":[{"href":"https:\/\/www.penman.fi\/www\/index.php?rest_route=\/wp\/v2\/pages"}],"about":[{"href":"https:\/\/www.penman.fi\/www\/index.php?rest_route=\/wp\/v2\/types\/page"}],"author":[{"embeddable":true,"href":"https:\/\/www.penman.fi\/www\/index.php?rest_route=\/wp\/v2\/users\/1"}],"replies":[{"embeddable":true,"href":"https:\/\/www.penman.fi\/www\/index.php?rest_route=%2Fwp%2Fv2%2Fcomments&post=67"}],"version-history":[{"count":5,"href":"https:\/\/www.penman.fi\/www\/index.php?rest_route=\/wp\/v2\/pages\/67\/revisions"}],"predecessor-version":[{"id":221,"href":"https:\/\/www.penman.fi\/www\/index.php?rest_route=\/wp\/v2\/pages\/67\/revisions\/221"}],"up":[{"embeddable":true,"href":"https:\/\/www.penman.fi\/www\/index.php?rest_route=\/wp\/v2\/pages\/63"}],"wp:attachment":[{"href":"https:\/\/www.penman.fi\/www\/index.php?rest_route=%2Fwp%2Fv2%2Fmedia&parent=67"}],"curies":[{"name":"wp","href":"https:\/\/api.w.org\/{rel}","templated":true}]}}