{"id":63,"date":"2012-04-06T16:27:21","date_gmt":"2012-04-06T13:27:21","guid":{"rendered":"http:\/\/www.penman.fi\/www\/?page_id=63"},"modified":"2012-05-01T14:53:55","modified_gmt":"2012-05-01T11:53:55","slug":"taloyhtion-hallinto","status":"publish","type":"page","link":"https:\/\/www.penman.fi\/www\/?page_id=63","title":{"rendered":"Taloyhti\u00f6n hallinto"},"content":{"rendered":"<h1>Taloyhti\u00f6n hallinto<\/h1>\n<p>&nbsp;<\/p>\n<p><strong>Taloyhti\u00f6n hallituksen<\/strong> teht\u00e4v\u00e4n\u00e4 on huolehtia yhti\u00f6n hallinnosta ja toiminnan asianmukaisesta j\u00e4rjest\u00e4misest\u00e4. <strong>Is\u00e4nn\u00f6itsij\u00e4n<\/strong> teht\u00e4v\u00e4n\u00e4 on hallituksen ja yhti\u00f6kokouksen p\u00e4\u00e4t\u00f6sten toimeenpano. Toisaalta is\u00e4nn\u00f6itsij\u00e4ll\u00e4 on itsen\u00e4inen toimivalta p\u00e4\u00e4tt\u00e4\u00e4 yhti\u00f6n juoksevaan hallintoon kuuluvista asioista.<\/p>\n<p><img decoding=\"async\" loading=\"lazy\" class=\"alignleft size-full wp-image-201\" title=\"kokous\" src=\"http:\/\/www.penman.fi\/www\/wp-content\/uploads\/2012\/04\/kokous.jpg\" alt=\"\" width=\"400\" height=\"250\" srcset=\"https:\/\/www.penman.fi\/www\/wp-content\/uploads\/2012\/04\/kokous.jpg 400w, https:\/\/www.penman.fi\/www\/wp-content\/uploads\/2012\/04\/kokous-300x187.jpg 300w\" sizes=\"(max-width: 400px) 100vw, 400px\" \/><\/p>\n","protected":false},"excerpt":{"rendered":"<p>Taloyhti\u00f6n hallinto &nbsp; Taloyhti\u00f6n hallituksen teht\u00e4v\u00e4n\u00e4 on huolehtia yhti\u00f6n hallinnosta ja toiminnan asianmukaisesta j\u00e4rjest\u00e4misest\u00e4. Is\u00e4nn\u00f6itsij\u00e4n teht\u00e4v\u00e4n\u00e4 on hallituksen ja yhti\u00f6kokouksen p\u00e4\u00e4t\u00f6sten toimeenpano. Toisaalta is\u00e4nn\u00f6itsij\u00e4ll\u00e4 on itsen\u00e4inen toimivalta p\u00e4\u00e4tt\u00e4\u00e4 yhti\u00f6n juoksevaan hallintoon kuuluvista asioista.<\/p>\n","protected":false},"author":1,"featured_media":0,"parent":61,"menu_order":10,"comment_status":"closed","ping_status":"closed","template":"","meta":{"_monsterinsights_skip_tracking":false,"_monsterinsights_sitenote_active":false,"_monsterinsights_sitenote_note":"","_monsterinsights_sitenote_category":0},"_links":{"self":[{"href":"https:\/\/www.penman.fi\/www\/index.php?rest_route=\/wp\/v2\/pages\/63"}],"collection":[{"href":"https:\/\/www.penman.fi\/www\/index.php?rest_route=\/wp\/v2\/pages"}],"about":[{"href":"https:\/\/www.penman.fi\/www\/index.php?rest_route=\/wp\/v2\/types\/page"}],"author":[{"embeddable":true,"href":"https:\/\/www.penman.fi\/www\/index.php?rest_route=\/wp\/v2\/users\/1"}],"replies":[{"embeddable":true,"href":"https:\/\/www.penman.fi\/www\/index.php?rest_route=%2Fwp%2Fv2%2Fcomments&post=63"}],"version-history":[{"count":8,"href":"https:\/\/www.penman.fi\/www\/index.php?rest_route=\/wp\/v2\/pages\/63\/revisions"}],"predecessor-version":[{"id":295,"href":"https:\/\/www.penman.fi\/www\/index.php?rest_route=\/wp\/v2\/pages\/63\/revisions\/295"}],"up":[{"embeddable":true,"href":"https:\/\/www.penman.fi\/www\/index.php?rest_route=\/wp\/v2\/pages\/61"}],"wp:attachment":[{"href":"https:\/\/www.penman.fi\/www\/index.php?rest_route=%2Fwp%2Fv2%2Fmedia&parent=63"}],"curies":[{"name":"wp","href":"https:\/\/api.w.org\/{rel}","templated":true}]}}