{"id":57,"date":"2012-04-04T20:24:15","date_gmt":"2012-04-04T17:24:15","guid":{"rendered":"http:\/\/www.penman.fi\/www\/?page_id=57"},"modified":"2012-04-22T13:34:28","modified_gmt":"2012-04-22T10:34:28","slug":"kaytannon-ohjeita","status":"publish","type":"page","link":"https:\/\/www.penman.fi\/www\/?page_id=57","title":{"rendered":"K\u00e4yt\u00e4nn\u00f6n ohjeita"},"content":{"rendered":"<h1>K\u00e4yt\u00e4nn\u00f6n ohjeita<\/h1>\n<p>&nbsp;<\/p>\n<p><strong>Huolehtikaa seuraavista asioista, niin v\u00e4ltytte turhilta j\u00e4lkiselvittelyilt\u00e4:<\/strong><\/p>\n<p>\u2022 mik\u00e4li remonttiin liittyy tulit\u00f6iden tekemist\u00e4, varmistakaa, ett\u00e4 ty\u00f6n tekij\u00e4ll\u00e4 on voimassaoleva tulity\u00f6kortti sek\u00e4 ett\u00e4 h\u00e4n hakee is\u00e4nn\u00f6itsij\u00e4ntoimistosta ty\u00f6luvan. Tarkistakaa my\u00f6s vakuutusyhti\u00f6iden suojeluehdot.<\/p>\n<p>\u2022 informoikaa naapureitanne, talonmiest\u00e4 \/ huoltoyhti\u00f6t\u00e4 teht\u00e4v\u00e4st\u00e4 remontista<\/p>\n<p>\u2022 huolehtikaa, ett\u00e4 esim. remontin yhteydess\u00e4 kulkeutuva p\u00f6ly ja muut ep\u00e4puhtaudet siivotaan viipym\u00e4tt\u00e4 pois, ne eiv\u00e4t kuulu taloyhti\u00f6n siivottavaksi; tarvittaessa taloyhti\u00f6 laskuttaa ylim\u00e4\u00e4r\u00e4isist\u00e4 siivouksista sotkun aiheuttanutta remontin teett\u00e4j\u00e4\u00e4<\/p>\n<p>\u2022 huolehtikaa remonttij\u00e4tteenne itse pois taloyhti\u00f6n alueelta, niiden poiskuljetus ei kuulu taloyhti\u00f6lle.<\/p>\n<p>&nbsp;<\/p>\n<h4>Kunnossapitovastuu<\/h4>\n<p>Yhti\u00f6j\u00e4rjestyksess\u00e4 voidaan m\u00e4\u00e4r\u00e4t\u00e4 yhti\u00f6n rakennuksen ja muiden tilojen kunnossapitovastuun jakamisesta osakkeenomistajien ja yhti\u00f6n kesken. Yhti\u00f6ll\u00e4 on kuitenkin aina oikeus suorittaa v\u00e4ltt\u00e4m\u00e4t\u00f6n korjausty\u00f6.<\/p>\n<p>Osakkeenomistajan on pidett\u00e4v\u00e4 kunnossa hallitsemansa huoneiston sis\u00e4osat ja muut osakkeiden perusteella hallinnassaan olevat tilat. Yhti\u00f6 on kuitenkin velvollinen korjaamaan rakenteista johtuvat sis\u00e4puoliset viat sek\u00e4 pit\u00e4m\u00e4\u00e4n kunnossa huoneistoon asennetut sellaiset l\u00e4mp\u00f6-, s\u00e4hk\u00f6-, tiedonsiirto-, kaasu-, vesi-, viem\u00e4ri-, ilmanvaihto- ja muut sen kaltaiset johdot ja kanavat sek\u00e4 vesihanat, jotka on asennettu samantasoisina rakennuksen huoneistoihin. Osakkeenomistajan on ilmoitettava yhti\u00f6lle viivytyksett\u00e4 sellaisesta huoneiston viasta tai puutteellisuudesta, jonka korjaaminen kuuluu yhti\u00f6lle. Yhti\u00f6kokous voi p\u00e4\u00e4tt\u00e4\u00e4 osakkeenomistajalle kuuluvien kunnossapitot\u00f6iden suorittamisesta yhti\u00f6n kustannuksella, jos se saattaa tapahtua osakkeenomistajien yhdenvertaisuutta loukkaamatta.<\/p>\n<p>Yhti\u00f6 on vastuussa kunnossapidosta silt\u00e4 osin kuin se ei kuulu osakkeenomistajille.<\/p>\n","protected":false},"excerpt":{"rendered":"<p>K\u00e4yt\u00e4nn\u00f6n ohjeita &nbsp; Huolehtikaa seuraavista asioista, niin v\u00e4ltytte turhilta j\u00e4lkiselvittelyilt\u00e4: \u2022 mik\u00e4li remonttiin liittyy tulit\u00f6iden tekemist\u00e4, varmistakaa, ett\u00e4 ty\u00f6n tekij\u00e4ll\u00e4 on voimassaoleva tulity\u00f6kortti sek\u00e4 ett\u00e4 h\u00e4n hakee is\u00e4nn\u00f6itsij\u00e4ntoimistosta ty\u00f6luvan. Tarkistakaa my\u00f6s vakuutusyhti\u00f6iden suojeluehdot. \u2022 informoikaa naapureitanne, talonmiest\u00e4 \/ huoltoyhti\u00f6t\u00e4 teht\u00e4v\u00e4st\u00e4 remontista \u2022 huolehtikaa, ett\u00e4 esim. remontin yhteydess\u00e4 kulkeutuva p\u00f6ly ja muut ep\u00e4puhtaudet siivotaan viipym\u00e4tt\u00e4 pois, [&hellip;]<\/p>\n","protected":false},"author":1,"featured_media":0,"parent":42,"menu_order":30,"comment_status":"closed","ping_status":"closed","template":"","meta":{"_monsterinsights_skip_tracking":false,"_monsterinsights_sitenote_active":false,"_monsterinsights_sitenote_note":"","_monsterinsights_sitenote_category":0},"_links":{"self":[{"href":"https:\/\/www.penman.fi\/www\/index.php?rest_route=\/wp\/v2\/pages\/57"}],"collection":[{"href":"https:\/\/www.penman.fi\/www\/index.php?rest_route=\/wp\/v2\/pages"}],"about":[{"href":"https:\/\/www.penman.fi\/www\/index.php?rest_route=\/wp\/v2\/types\/page"}],"author":[{"embeddable":true,"href":"https:\/\/www.penman.fi\/www\/index.php?rest_route=\/wp\/v2\/users\/1"}],"replies":[{"embeddable":true,"href":"https:\/\/www.penman.fi\/www\/index.php?rest_route=%2Fwp%2Fv2%2Fcomments&post=57"}],"version-history":[{"count":7,"href":"https:\/\/www.penman.fi\/www\/index.php?rest_route=\/wp\/v2\/pages\/57\/revisions"}],"predecessor-version":[{"id":59,"href":"https:\/\/www.penman.fi\/www\/index.php?rest_route=\/wp\/v2\/pages\/57\/revisions\/59"}],"up":[{"embeddable":true,"href":"https:\/\/www.penman.fi\/www\/index.php?rest_route=\/wp\/v2\/pages\/42"}],"wp:attachment":[{"href":"https:\/\/www.penman.fi\/www\/index.php?rest_route=%2Fwp%2Fv2%2Fmedia&parent=57"}],"curies":[{"name":"wp","href":"https:\/\/api.w.org\/{rel}","templated":true}]}}