{"id":42,"date":"2012-04-04T17:26:31","date_gmt":"2012-04-04T14:26:31","guid":{"rendered":"http:\/\/www.penman.fi\/www\/?page_id=42"},"modified":"2012-05-01T15:28:35","modified_gmt":"2012-05-01T12:28:35","slug":"osakkaan-remontti-ilmoitus","status":"publish","type":"page","link":"https:\/\/www.penman.fi\/www\/?page_id=42","title":{"rendered":"Osakkaan remontti-ilmoitus"},"content":{"rendered":"<h1>Kun suunnittelet remonttia&#8230;<\/h1>\n<p>&nbsp;<\/p>\n<p><strong>Huoneistokohtaisten kunnossapito- ja muutost\u00f6iden k\u00e4sittely vaiheittain:<\/strong><\/p>\n<ul>\n<li>Selvit\u00e4 kunnossapito- tai muutosty\u00f6n luvanvaraisuus<\/li>\n<li>Teet\u00e4 tarvittavat suunnitelmat<\/li>\n<li>T\u00e4yt\u00e4 muutosty\u00f6n <a href=\"http:\/\/www.penman.fi\/www\/?page_id=133\">ilmoitus<\/a><\/li>\n<li>Toimita muutosty\u00f6n ilmoitus ja suunnitelmat taloyhti\u00f6lle<\/li>\n<li>Taloyhti\u00f6 selvitt\u00e4\u00e4 t\u00f6iden vaikutukset ja toteutuskelpoisuuden. Tarvittaessa taloyhti\u00f6 k\u00e4ytt\u00e4\u00e4 asiantuntijaa (kustannuksen maksaa osakas)<\/li>\n<li>Taloyhti\u00f6 k\u00e4sittelee ilmoituksen ja nime\u00e4\u00e4 ty\u00f6lle tarvittaessa valvojan (kustannuksen maksaa osakas)<\/li>\n<li>Taloyhti\u00f6 ilmoittaa k\u00e4sittelyst\u00e4 osakkaalle<\/li>\n<li>Rakennusluvan hakemisesta p\u00e4\u00e4tt\u00e4\u00e4 aina hallitus jokainen tapaus erikseen ja p\u00e4\u00e4t\u00f6ksess\u00e4 valtuutetaan ao. osakas hakemaan lupaa taloyhti\u00f6n nimiss\u00e4.<\/li>\n<li>Ty\u00f6n toteutusvaihe voi alkaa, kun kaikki luvat ovat olemassa<\/li>\n<li>Kun ty\u00f6 valmistuu, taloyhti\u00f6lle on toimitettava loppudokumentit ty\u00f6n valmistumisesta (valvojan muistiot, loppukuvat, viranomaistarkastusasiakirjat)<\/li>\n<\/ul>\n<p><img decoding=\"async\" loading=\"lazy\" class=\"size-full wp-image-225 aligncenter\" title=\"remppa\" src=\"http:\/\/www.penman.fi\/www\/wp-content\/uploads\/2012\/04\/remppa.jpg\" alt=\"\" width=\"400\" height=\"250\" srcset=\"https:\/\/www.penman.fi\/www\/wp-content\/uploads\/2012\/04\/remppa.jpg 400w, https:\/\/www.penman.fi\/www\/wp-content\/uploads\/2012\/04\/remppa-300x187.jpg 300w\" sizes=\"(max-width: 400px) 100vw, 400px\" \/><\/p>\n<p><strong>Ilmoituksen k\u00e4sittelylle on varattava riitt\u00e4v\u00e4sti aikaa!<\/strong><\/p>\n<p>&nbsp;<\/p>\n<p>&nbsp;<\/p>\n<p>&nbsp;<\/p>\n","protected":false},"excerpt":{"rendered":"<p>Kun suunnittelet remonttia&#8230; &nbsp; Huoneistokohtaisten kunnossapito- ja muutost\u00f6iden k\u00e4sittely vaiheittain: Selvit\u00e4 kunnossapito- tai muutosty\u00f6n luvanvaraisuus Teet\u00e4 tarvittavat suunnitelmat T\u00e4yt\u00e4 muutosty\u00f6n ilmoitus Toimita muutosty\u00f6n ilmoitus ja suunnitelmat taloyhti\u00f6lle Taloyhti\u00f6 selvitt\u00e4\u00e4 t\u00f6iden vaikutukset ja toteutuskelpoisuuden. Tarvittaessa taloyhti\u00f6 k\u00e4ytt\u00e4\u00e4 asiantuntijaa (kustannuksen maksaa osakas) Taloyhti\u00f6 k\u00e4sittelee ilmoituksen ja nime\u00e4\u00e4 ty\u00f6lle tarvittaessa valvojan (kustannuksen maksaa osakas) Taloyhti\u00f6 ilmoittaa k\u00e4sittelyst\u00e4 osakkaalle [&hellip;]<\/p>\n","protected":false},"author":1,"featured_media":0,"parent":26,"menu_order":10,"comment_status":"closed","ping_status":"closed","template":"","meta":{"_monsterinsights_skip_tracking":false,"_monsterinsights_sitenote_active":false,"_monsterinsights_sitenote_note":"","_monsterinsights_sitenote_category":0},"_links":{"self":[{"href":"https:\/\/www.penman.fi\/www\/index.php?rest_route=\/wp\/v2\/pages\/42"}],"collection":[{"href":"https:\/\/www.penman.fi\/www\/index.php?rest_route=\/wp\/v2\/pages"}],"about":[{"href":"https:\/\/www.penman.fi\/www\/index.php?rest_route=\/wp\/v2\/types\/page"}],"author":[{"embeddable":true,"href":"https:\/\/www.penman.fi\/www\/index.php?rest_route=\/wp\/v2\/users\/1"}],"replies":[{"embeddable":true,"href":"https:\/\/www.penman.fi\/www\/index.php?rest_route=%2Fwp%2Fv2%2Fcomments&post=42"}],"version-history":[{"count":13,"href":"https:\/\/www.penman.fi\/www\/index.php?rest_route=\/wp\/v2\/pages\/42\/revisions"}],"predecessor-version":[{"id":44,"href":"https:\/\/www.penman.fi\/www\/index.php?rest_route=\/wp\/v2\/pages\/42\/revisions\/44"}],"up":[{"embeddable":true,"href":"https:\/\/www.penman.fi\/www\/index.php?rest_route=\/wp\/v2\/pages\/26"}],"wp:attachment":[{"href":"https:\/\/www.penman.fi\/www\/index.php?rest_route=%2Fwp%2Fv2%2Fmedia&parent=42"}],"curies":[{"name":"wp","href":"https:\/\/api.w.org\/{rel}","templated":true}]}}