{"id":100,"date":"2012-04-10T19:33:14","date_gmt":"2012-04-10T16:33:14","guid":{"rendered":"http:\/\/www.penman.fi\/www\/?page_id=100"},"modified":"2013-09-11T20:37:25","modified_gmt":"2013-09-11T17:37:25","slug":"tieisainnointi","status":"publish","type":"page","link":"https:\/\/www.penman.fi\/www\/?page_id=100","title":{"rendered":"Rakentaja"},"content":{"rendered":"<h1>Rakennuttajapalvelut<\/h1>\n<h2>rakennusliikkeille, asunto-osakeyhti\u00f6ille,<\/h2>\n<h2>perustajaosakkaille<\/h2>\n<p>&nbsp;<\/p>\n<p><strong>Kokonaispalveluna tai yksitt\u00e4istoimeksiantona<\/strong><\/p>\n<ul>\n<li>asunto- ja kiinteist\u00f6osakeyhti\u00f6iden perustaminen (perustamiskirja, yhti\u00f6j\u00e4rjestys, rekister\u00f6inti ym. perustamiseen liityv\u00e4t asiat)<\/li>\n<li>rakennusaikainen hallinto ja kirjanpito, my\u00f6s RS-kohteet<\/li>\n<li>rakennusaikainen is\u00e4nn\u00f6inti<\/li>\n<li>korjaushankkeiden hallinnointi (tarjouspyynn\u00f6t, urakkakilpailutus, kokousten valmistelu ja toteutus, takuutarkastukset yms.)<\/li>\n<\/ul>\n<p>&nbsp;<\/p>\n<p><strong>Ota yhteytt\u00e4 ja kerro, miten voimme palvella &#8211; ja pyyd\u00e4 tarjous!<\/strong><\/p>\n<p>&nbsp;<\/p>\n\n<div class=\"wpcf7 no-js\" id=\"wpcf7-f108-o1\" lang=\"\" dir=\"ltr\">\n<div class=\"screen-reader-response\"><p role=\"status\" aria-live=\"polite\" aria-atomic=\"true\"><\/p> <ul><\/ul><\/div>\n<form action=\"\/www\/index.php?rest_route=%2Fwp%2Fv2%2Fpages%2F100#wpcf7-f108-o1\" method=\"post\" class=\"wpcf7-form init\" aria-label=\"Yhteydenottolomake\" novalidate=\"novalidate\" data-status=\"init\">\n<div style=\"display: none;\">\n<input type=\"hidden\" name=\"_wpcf7\" value=\"108\" \/>\n<input type=\"hidden\" name=\"_wpcf7_version\" value=\"5.8.7\" \/>\n<input type=\"hidden\" name=\"_wpcf7_locale\" value=\"\" \/>\n<input type=\"hidden\" name=\"_wpcf7_unit_tag\" value=\"wpcf7-f108-o1\" \/>\n<input type=\"hidden\" name=\"_wpcf7_container_post\" value=\"0\" \/>\n<input type=\"hidden\" name=\"_wpcf7_posted_data_hash\" value=\"\" \/>\n<\/div>\n<p>Nimi *\n<\/p>\n<p><span class=\"wpcf7-form-control-wrap\" data-name=\"your-name\"><input size=\"60\" class=\"wpcf7-form-control wpcf7-text wpcf7-validates-as-required\" aria-required=\"true\" aria-invalid=\"false\" value=\"\" type=\"text\" name=\"your-name\" \/><\/span>\n<\/p>\n<p>Osoite *\n<\/p>\n<p><span class=\"wpcf7-form-control-wrap\" data-name=\"osoite\"><input size=\"60\" class=\"wpcf7-form-control wpcf7-text wpcf7-validates-as-required\" aria-required=\"true\" aria-invalid=\"false\" value=\"\" type=\"text\" name=\"osoite\" \/><\/span>\n<\/p>\n<p>Postinumero ja -toimipaikka *\n<\/p>\n<p><span class=\"wpcf7-form-control-wrap\" data-name=\"posti\"><input size=\"60\" class=\"wpcf7-form-control wpcf7-text wpcf7-validates-as-required\" aria-required=\"true\" aria-invalid=\"false\" value=\"\" type=\"text\" name=\"posti\" \/><\/span>\n<\/p>\n<p>Puhelinnumero *\n<\/p>\n<p><span class=\"wpcf7-form-control-wrap\" data-name=\"puhnro\"><input size=\"60\" class=\"wpcf7-form-control wpcf7-text wpcf7-validates-as-required\" aria-required=\"true\" aria-invalid=\"false\" value=\"\" type=\"text\" name=\"puhnro\" \/><\/span>\n<\/p>\n<p>S\u00e4hk\u00f6posti *\n<\/p>\n<p><span class=\"wpcf7-form-control-wrap\" data-name=\"your-email\"><input size=\"60\" class=\"wpcf7-form-control wpcf7-email wpcf7-validates-as-required wpcf7-text wpcf7-validates-as-email\" aria-required=\"true\" aria-invalid=\"false\" value=\"\" type=\"email\" name=\"your-email\" \/><\/span>\n<\/p>\n<p>Viestisi:\n<\/p>\n<p><span class=\"wpcf7-form-control-wrap\" data-name=\"your-message\"><textarea cols=\"40\" rows=\"10\" class=\"wpcf7-form-control wpcf7-textarea\" aria-invalid=\"false\" name=\"your-message\"><\/textarea><\/span>\n<\/p>\n<p><strong>HUOM! T\u00c4HDELL\u00c4 (*) MERKITYT OVAT PAKOLLISIA TIETOJA!<\/strong>\n<\/p>\n<p><input class=\"wpcf7-form-control wpcf7-submit has-spinner\" type=\"submit\" value=\"L\u00e4het\u00e4\" \/>\n<\/p><div class=\"wpcf7-response-output\" aria-hidden=\"true\"><\/div>\n<\/form>\n<\/div>\n\n<p>&nbsp;<\/p>\n","protected":false},"excerpt":{"rendered":"<p>Rakennuttajapalvelut rakennusliikkeille, asunto-osakeyhti\u00f6ille, perustajaosakkaille &nbsp; Kokonaispalveluna tai yksitt\u00e4istoimeksiantona asunto- ja kiinteist\u00f6osakeyhti\u00f6iden perustaminen (perustamiskirja, yhti\u00f6j\u00e4rjestys, rekister\u00f6inti ym. perustamiseen liityv\u00e4t asiat) rakennusaikainen hallinto ja kirjanpito, my\u00f6s RS-kohteet rakennusaikainen is\u00e4nn\u00f6inti korjaushankkeiden hallinnointi (tarjouspyynn\u00f6t, urakkakilpailutus, kokousten valmistelu ja toteutus, takuutarkastukset yms.) &nbsp; Ota yhteytt\u00e4 ja kerro, miten voimme palvella &#8211; ja pyyd\u00e4 tarjous! &nbsp; &nbsp;<\/p>\n","protected":false},"author":1,"featured_media":0,"parent":0,"menu_order":60,"comment_status":"closed","ping_status":"closed","template":"","meta":{"_monsterinsights_skip_tracking":false,"_monsterinsights_sitenote_active":false,"_monsterinsights_sitenote_note":"","_monsterinsights_sitenote_category":0},"_links":{"self":[{"href":"https:\/\/www.penman.fi\/www\/index.php?rest_route=\/wp\/v2\/pages\/100"}],"collection":[{"href":"https:\/\/www.penman.fi\/www\/index.php?rest_route=\/wp\/v2\/pages"}],"about":[{"href":"https:\/\/www.penman.fi\/www\/index.php?rest_route=\/wp\/v2\/types\/page"}],"author":[{"embeddable":true,"href":"https:\/\/www.penman.fi\/www\/index.php?rest_route=\/wp\/v2\/users\/1"}],"replies":[{"embeddable":true,"href":"https:\/\/www.penman.fi\/www\/index.php?rest_route=%2Fwp%2Fv2%2Fcomments&post=100"}],"version-history":[{"count":18,"href":"https:\/\/www.penman.fi\/www\/index.php?rest_route=\/wp\/v2\/pages\/100\/revisions"}],"predecessor-version":[{"id":110,"href":"https:\/\/www.penman.fi\/www\/index.php?rest_route=\/wp\/v2\/pages\/100\/revisions\/110"}],"wp:attachment":[{"href":"https:\/\/www.penman.fi\/www\/index.php?rest_route=%2Fwp%2Fv2%2Fmedia&parent=100"}],"curies":[{"name":"wp","href":"https:\/\/api.w.org\/{rel}","templated":true}]}}